actors of v?
941
List the prime factors of (-2)/(-5) + (2/7 - 1459542/(-245)).
2, 3, 331
Suppose 15*q - 9436 = q. Suppose 0 = 18*m - 2042 + q. List the prime factors of m.
2, 19
Let o(f) = f**3 + 12*f**2 - 28*f - 14. Let t be o(-14). List the prime factors of (t/6)/((-2)/30).
5, 7
Let y be (-38)/((4/14)/(15/21)). Let h(o) = o**3 + 2*o**2 - 9*o - 7. Let i be h(-7). Let a = y - i. What are the prime factors of a?
2, 47
Let z = -82 - -192. Suppose m - 195 = z. List the prime factors of m.
5, 61
Let z be -3 + (4 + 28/(-8))*-6. Let a be -299*z/42 + 4/14. Suppose j + 4*w - a = 45, -j = 3*w - 83. What are the prime factors of j?
2, 17
Suppose 5*c = 3*f + 41558, 3*f = 5*c - 2*c - 24936. List the prime factors of c.
8311
Let w = 38 + -30. Suppose 2*d + 93 = p, 0 = 2*d + 2*p + w + 94. What are the prime factors of (-4206)/d + 12/32?
2, 11
Suppose -q - 234587 - 191146 = -24*t, 4*q + 70944 = 4*t. List the prime factors of t.
3, 73
Suppose -8*j = -0*j - 112. Let v(y) = 3 - j*y + 31*y - 14*y + 12. What are the prime factors of v(9)?
2, 3, 7
Let j(q) = -q**3 + q**2 - 2*q - 2. Let p(c) = -c**3 + 2*c**2 - 4*c - 4. Let b(o) = -6*j(o) + 3*p(o). Suppose -9 = -4*f - 1. List the prime factors of b(f).
2, 3
Suppose -24 = -s + 5*h + 7, 0 = 5*s + 2*h - 263. Let v = s + -53. List the prime factors of v/(-8) - 590/(-40).
3, 5
Let s(h) = 111*h - 6. Let o be s(5). Suppose 179 + o = -7*g. Let l = 167 + g. What are the prime factors of l?
3, 7
Suppose -11*u - 5*u + 48 = 0. What are the prime factors of 78/117 + 3811/u?
31, 41
Suppose -4*i + 7*i = -54. Let w(j) = -j - 15. Let m be w(i). Suppose 0 = -o + b - 2*b + 11, 0 = 5*o + m*b - 65. List the prime factors of o.
2
Let j = -2181 - -2306. Let m = 9 - 6. Suppose 5*p - j = -2*h, p - 1 - 24 = m*h. List the prime factors of p.
5
Suppose -90321 = -762*d + 751*d. List the prime factors of d.
3, 7, 17, 23
Suppose 4*k - z = 5615, -5*z - 1961 = -4*k + 3650. List the prime factors of k.
2, 3, 13
Let k be ((-210)/75)/(2/(-5)). List the prime factors of 1603*(20/k)/10.
2, 229
Suppose -28*y - 5278 = -14*y. Let a = y - -894. List the prime factors of a.
11, 47
Let t = -193 + 173. Let i(j) = -j**3 - 18*j**2 + 39*j + 38. List the prime factors of i(t).
2, 29
Let n = -70 - -73. Suppose n*p = 2*c - 5*c - 90, -3*p + 3*c - 60 = 0. What are the prime factors of p/2*(-364)/65?
2, 5, 7
What are the prime factors of ((-7814)/8)/((11 - (-696)/(-64))*-1)?
2, 3907
Let p(m) = m**2 + 7*m - 6. Let k be -1 + 8 + 63/(-21). Suppose 9*n = -k*n - 130. What are the prime factors of p(n)?
2, 3
Let a(k) = 14948*k**2 + 12*k + 33. List the prime factors of a(-2).
7, 8543
Let h(x) = 11*x**2 + 8*x + 28. Let u(o) = 14*o**2 + 8*o + 28. Let y(v) = -5*h(v) + 4*u(v). What are the prime factors of y(-12)?
2, 53
Suppose -3*x = 4*h - 59 - 166, -2*x - 4*h = -146. Let c = x - -240. Suppose -44 + c = 5*u. What are the prime factors of u?
5, 11
Let d(j) = -10*j**3 + 20*j**2 + 66*j - 21. List the prime factors of d(-7).
3, 7, 11, 17
Let q(g) = -40*g + 157. Let w be q(4). Let m(a) = a**3 + 7*a**2 - 8*a + 5. Let u be m(-8). List the prime factors of 172 + u/(2 + w).
167
Let r be -1 + -4 + (-1 - -5) - -1. Suppose -5*z = -4*o - 1638, -5*z + 1626 = -r*z + 2*o. List the prime factors of z.
2, 163
Suppose -3*s - 5*h = -149015, 4*s - 198764 = 16*h - 13*h. List the prime factors of s.
5, 19, 523
Let d(m) = -13 + 53*m - 2*m**2 - 135*m + 64*m. Let z be d(-8). Suppose -z*c = -7*c + 2*y + 222, -5*c - y = -274. What are the prime factors of c?
5, 11
Let i = 153831 + -75534. What are the prime factors of i?
3, 26099
Let h = 64 + -58. Suppose h*o - 3*o + 3*d = 12, -3*o + 16 = -d. Suppose 0 = -2*f + o*a + 336, 2*a + 20 = -3*a. What are the prime factors of f?
2, 79
Let v(l) = -l**2 - l + 18. Let u be v(0). Suppose u = 3*d + 3*k, -3*k = -3*d - 0*d - 6. What are the prime factors of (3 - -23) + d - (1 - 2)?
29
Let l(n) = -n**3 - 7*n**2 - 6*n + 10. Let t be l(-6). List the prime factors of 16/t*(-46265)/(-76).
2, 487
Let u(n) = 5*n**2 - 10*n - 28. Let r(l) = -5*l**2 + 11*l + 30. Let f(a) = -5*r(a) - 4*u(a). What are the prime factors of f(-8)?
2, 3, 67
Let x = 187 + -92. Let w(l) = -l**3 - 13*l**2 - 16*l - 28. Let c be w(-12). Let o = x + c. What are the prime factors of o?
5, 23
Let y(x) = 4*x**3 - x**2 - 3*x + 8. Let v be y(2). Let q = v + -35. What are the prime factors of 170 + (2 + -9 - q)?
2, 3, 7
Let x(n) = -n + 23. Let r be x(19). Suppose -6*y - 346 = -r. Let a = -1 - y. What are the prime factors of a?
2, 7
Let u = -20 - -25. Let s(a) = -a**2 - 24*a + 8. Let v be s(-13). Suppose 399 + v = u*y. What are the prime factors of y?
2, 5, 11
Suppose 2096392 = 76*w - 1391168 + 732408. What are the prime factors of w?
2, 3, 19, 53
Let n be (3 - -2) + (2 - 3). Let a be -4 + 1 + n - -2. Suppose 0 = a*m - 0*m - q - 223, -m = 5*q - 69. What are the prime factors of m?
2, 37
Let m be (2 + (-5)/2)*2. Let s = 244 - 246. List the prime factors of (-5)/((m/s)/(377/(-26))).
5, 29
Let h(a) = 3872*a**2 + 180*a + 357. List the prime factors of h(-2).
5, 19, 163
Suppose -3*f + 0*c = 4*c + 190, 0 = f + 5*c + 67. Let r be (118/3)/(13 - 560/42). Let u = f - r. List the prime factors of u.
2, 7
Suppose 0 = -27*z + 31*z - 12. Suppose -3*l = -3, -z*r = 2*r + 4*l - 184. List the prime factors of r.
2, 3
Suppose 39264 - 14124 = 20*u. Suppose u = 19*s - 2220. List the prime factors of s.
3, 61
Suppose 11*x = 4810 + 15375. Suppose -6*k - x = -11*k + 4*a, 3*a = 4*k - 1467. What are the prime factors of k?
3, 11
Suppose 7*h = -3*f + 2*h + 32878, 0 = -5*f + 4*h + 54883. List the prime factors of f.
3, 23, 53
Let d = -1897 + 1325. Let z = -545 - d. What are the prime factors of z?
3
Let g = 333 + 11462. What are the prime factors of g?
5, 7, 337
Let u(t) = 3286*t**2 + 212*t + 1025. What are the prime factors of u(-5)?
5, 11, 1493
Let l(h) = 2*h**3 - 60*h**2 + 137*h + 52. What are the prime factors of l(32)?
2, 3, 79
Suppose 8*t = 41 + 95. Suppose t - 5 = 3*j. Suppose 2*d + 8 = -0*d, 0 = -g - j*d + 64. List the prime factors of g.
2, 5
Let x(l) = 80*l**2 - 5*l + 21. Let c be x(3). Let i = 1407 - c. List the prime factors of i.
3, 227
Let m be (-1 - -52)*70/3. Let n = m + -275. Suppose -15 = 3*p, -4*j + p + n = j. What are the prime factors of j?
2, 7, 13
Let g be ((-2004)/10)/((-3)/40*-4). Let t = -414 - g. What are the prime factors of t?
2, 127
Let m be 349/3 + (-6)/(-9). Suppose -v - 49 = 5*z + 56, -4*v - 63 = 3*z. Let w = z + m. List the prime factors of w.
2, 3
Suppose -5*u - l = -3488, -4*u + 3*l + 1317 = -1462. List the prime factors of u.
17, 41
Let r(g) = 9*g - 11. Let x be r(2). Let k(w) = 5*w**3 - 12*w**2 + 3*w + 27. What are the prime factors of k(x)?
5, 47
Suppose -19 = -5*m - a, -a + 5 = -4*m + 13. Let x = m - -191. What are the prime factors of x?
2, 97
Let t be (5 - 0)/(8/16). Suppose 6*b - b = t. What are the prime factors of b?
2
Let j be 946/(9/(-6) + 2). Let f(a) = a**2 + 30*a + 121. Let d be f(-5). What are the prime factors of (j/(-55))/(d/30)?
2, 3, 43
What are the prime factors of ((-230028)/(-36))/(2/6) - (-1 + 3)?
3, 6389
Suppose -5434 = 56*v - 58*v - 4*t, 0 = -3*v - 3*t + 8139. Suppose -2*k + 40 = 4*m, -k + 2*k - 9 = -m. Suppose m*f = 2*f + v. List the prime factors of f.
7, 43
Let b = 15354 - 11244. List the prime factors of b.
2, 3, 5, 137
Let r be (-1)/4 - 790/40 - 4. Let w = r - -416. What are the prime factors of w?
2, 7
Suppose 5*u - 15*u + 3430 = 0. Let i = -80 + u. What are the prime factors of i?
263
Let m = -17 + 0. Let a = -6 - m. Suppose -a*l + 1068 = l. List the prime factors of l.
89
Let p(g) = -g**3 + 31*g**2 + 59*g - 135. What are the prime factors of p(23)?
2, 3, 101
Let x = -229 + 405. Suppose 0 = -2*o + h + 807, o + 5*h - x - 211 = 0. List the prime factors of o.
2, 3, 67
Let g(p) = -p**3 - 13*p**2 + 118*p + 17. What are the prime factors of g(-29)?
19, 23
List the prime factors of (0 - -5)*(-208)/78*(-816)/20.
2, 17
Let o(l) = -l**2 - 3*l + 124. Let r be 0/(-3 + (-4 - -10) + -2). Let h be o(r). Let w = 60 + h. What are the prime factors of w?
2, 23
Suppose 16*i - 15*i = 4*a - 355, 3*i - 5*a = -1079. Let b = 1224 + -705. Let r = b + i. List the prime factors of r.
2, 3, 13
Suppose -6*i - 12*i = -35*i + 200515. What are the prime factors of i?
5, 7, 337
Let w be ((-12936)/9)/(